et y(z) = 101*z**3 + z**2 - 3*z. Determine y(-2).
-798
Let m(l) = 50526*l + 151566. What is m(-3)?
-12
Let o(m) = 17*m**2 + 23*m + 404. Give o(-11).
2208
Let s(b) = 180087*b + 77977675. Calculate s(-433).
4
Let m(h) = -64*h - 3917. Give m(-53).
-525
Let o(a) = 38*a**2 - 1703*a + 192. Give o(45).
507
Let l(j) = 14*j**2 - 7017*j + 6992. Determine l(1).
-11
Let b(i) = 4896*i + 2315814. Give b(-473).
6
Let z(t) = 106*t**2 + 7654*t + 1677. Calculate z(-72).
93
Let y(i) = -i**2 + i + 2225. Calculate y(-41).
503
Let o(h) = -h**3 - 21*h**2 + 45*h + 247. What is o(-22)?
-259
Let s(q) = 3*q**2 + 63*q + 26. What is s(9)?
836
Let v(i) = 94*i - 3398. Give v(11).
-2364
Let q(u) = 2*u**3 + 111*u**2 - 55*u + 23. What is q(-56)?
-33
Let r(d) = -d**3 - 123*d**2 + 80*d + 9860. Give r(-123).
20
Let y(d) = -56213*d - 281066. Give y(-5).
-1
Let r(o) = 1915*o**2 + 15288*o + 20. What is r(-8)?
276
Let l(f) = f**2 + 62538*f - 437843. Calculate l(7).
-28
Let k(a) = -5*a**3 + 21*a**2 - 6*a - 23. Determine k(-6).
1849
Let f(m) = m**2 - 15027*m + 90145. Determine f(6).
19
Let z(o) = -o**3 + 220*o**2 - 449*o + 2569. Determine z(218).
-265
Let n(s) = 117*s**2 - 3653*s + 14633. What is n(4)?
1893
Let l(r) = r**3 + 97*r**2 - 178*r + 2027. Determine l(-99).
47
Let g(b) = -7*b**2 - 889*b - 566. Calculate g(-126).
316
Let y(v) = 72272*v + 2674068. Give y(-37).
4
Let w(h) = h**3 - 114*h**2 - 56*h - 7066. What is w(115)?
-281
Let w(o) = 5*o**2 + 25*o - 9059. Determine w(40).
-59
Let z(d) = -d**2 - 420*d - 12767. What is z(-385)?
708
Let s(t) = 2*t**3 + 724*t**2 - 7399*t - 416. What is s(10)?
-6
Let j(p) = -36*p**2 + 6*p - 2. Give j(5).
-872
Let j(z) = 351*z + 9312. What is j(-23)?
1239
Let l(i) = 2*i**2 - 132*i + 2360. Calculate l(21).
470
Let i(j) = 2*j**3 + 25*j**2 + 13*j + 14. Give i(-10).
384
Let y(u) = 33*u**3 - 4*u**2 - 419*u + 1665. Calculate y(4).
2037
Let z(f) = -7732*f - 1329913. Determine z(-172).
-9
Let o(v) = 2*v**3 - 185*v**2 - 90*v + 1098. Give o(93).
1377
Let y(c) = 9*c**2 + 187*c - 2443. Determine y(-29).
-297
Let r(v) = -124*v**3 + 66*v**2 - 117*v - 40. Give r(2).
-1002
Let g(t) = -2*t**3 + 430*t**2 - 23115*t + 323. What is g(108)?
-1
Let p(o) = 2*o**3 + 14*o**2 - 1502*o - 10511. What is p(-7)?
3
Let t(i) = -i**2 - 175*i - 1074. Determine t(-165).
576
Let k(t) = t**3 - 42*t**2 + 352*t + 101. What is k(12)?
5
Let i(r) = -3*r**3 + 2155*r**2 - 5008*r - 2849. Calculate i(716).
15
Let f(l) = -19670*l - 19738. Give f(-1).
-68
Let k(s) = -s**3 + 2*s**2 - 2478*s + 9930. Calculate k(4).
-14
Let w(p) = -15*p**3 + 44*p**2 + 94*p - 292. Determine w(3).
-19
Let m(a) = -a**3 + 109*a**2 - 1156*a - 744. Give m(97).
32
Let p(h) = -h**2 + 15*h + 8537. Determine p(99).
221
Let c(o) = 18484*o + 110923. Give c(-6).
19
Let w(i) = -2*i**3 + 184*i**2 + 2503*i - 221. What is w(104)?
507
Let y(o) = -o**2 + 424*o + 17098. Give y(-41).
-1967
Let t(o) = -116150*o + 41930148. What is t(361)?
-2
Let w(j) = 13*j**2 - 112*j - 292. Determine w(12).
236
Let t(w) = w**3 + 1847*w**2 + 3607*w - 168. Determine t(-2).
-2
Let u(a) = -2*a**3 + 103*a**2 - 667*a - 231. Give u(8).
1
Let b(z) = -11358*z + 11711. What is b(1)?
353
Let y(d) = -1369*d + 501056. What is y(366)?
2
Let m(y) = 4*y**3 - 198*y**2 + 1085*y + 1412. Calculate m(43).
-7
Let y(u) = 446*u + 7165. Determine y(-15).
475
Let v(r) = 4*r**2 - 313*r - 2174. Give v(-7).
213
Let o(u) = 3*u**3 - 108*u**2 - 619*u - 43. What is o(41)?
-207
Let g(h) = -3561*h - 32058. Give g(-9).
-9
Let a(y) = 92681*y - 1111909. Determine a(12).
263
Let o(l) = -3*l**3 - 1846*l**2 - 642*l - 16602. What is o(-615)?
3
Let p(k) = k**2 + 7*k - 155. Calculate p(-29).
483
Let o(k) = -4*k**2 - 13596*k - 27192. What is o(-2)?
-16
Let j(f) = 405*f + 1914. Determine j(-4).
294
Let v(g) = -g**3 - 12*g**2 - 391*g - 4373. Calculate v(-11).
-193
Let d(b) = 8644*b + 2212888. Give d(-256).
24
Let m(v) = -11*v**2 - 409*v + 15. Determine m(0).
15
Let o(g) = -2*g**2 - 1336*g - 14686. Determine o(-11).
-232
Let w(v) = -2*v**3 - 16*v**2 + 763*v + 6202. Determine w(-8).
98
Let r(q) = -7678*q - 598887. Calculate r(-78).
-3
Let p(h) = -47*h**2 - 11990*h - 997. Give p(-255).
278
Let m(s) = -2*s**2 - 8149*s + 221482. Calculate m(27).
1
Let n(l) = -2055*l - 95311. Give n(-46).
-781
Let l(x) = -7*x**3 - 11*x**2 - 55*x + 197. What is l(3)?
-256
Let t(h) = 160*h**2 + 9861*h + 15664. Give t(-60).
4
Let n(q) = 7948*q + 31700. Determine n(-4).
-92
Let o(n) = 4*n**2 + 1541*n + 148247. Determine o(-199).
-8
Let r(u) = -230*u - 30386. Determine r(-132).
-26
Let z(v) = -2*v**2 + 1550*v + 35028. Calculate z(-22).
-40
Let j(p) = p**3 - 26*p**2 - 36*p + 405. Give j(27).
162
Let a(j) = -338*j**2 - 20961*j - 333. Calculate a(-62).
-23
Let k(o) = -o**2 - 2076*o - 993352. Give k(-748).
-8
Let y(w) = 7*w**2 + 723*w + 47. Calculate y(-99).
-2923
Let j(a) = a**3 + a**2 - 1488*a - 1. Give j(0).
-1
Let f(d) = 39*d**3 + 4*d**2 + 521*d - 1058. Calculate f(2).
312
Let x(b) = 3*b**3 - 7*b**2 + 762*b - 6085. What is x(8)?
1099
Let z(a) = 130*a**2 + 4688*a + 209. Determine z(-36).
-79
Let w(d) = d**2 + 74*d - 1393. What is w(16)?
47
Let y(g) = -g**2 + 2208*g + 89553. What is y(-40)?
-367
Let w(g) = 362*g + 111516. Calculate w(-308).
20
Let v(a) = -a**2 + 69678*a + 418099. Determine v(-6).
-5
Let l(y) = -49*y**2 - 1412*y - 9859. Calculate l(-17).
-16
Let u(g) = g**2 + 29221*g + 1283777. Give u(-44).
-11
Let a(q) = 2*q**3 - 140*q**2 + 995*q + 33. Calculate a(8).
57
Let o(y) = 7*y**3 - 52*y**2 - 630*y + 680. What is o(1)?
5
Let k(n) = -n**2 - 1167*n - 16180. Determine k(-14).
-38
Let q(d) = 4*d**3 - 67*d**2 - 30*d + 1260. Determine q(16).
12
Let s(k) = -8*k**2 - 140*k + 3. Determine s(-14).
395
Let a(j) = j**2 + 770*j - 74526. Determine a(-857).
33
Let k(d) = 214956*d + 1934603. What is k(-9)?
-1
Let h(s) = 78*s**2 - 49*s - 13. Determine h(-3).
836
Let l(z) = -z**3 + 8*z**2 + 7777*z - 100251. What is l(13)?
5
Let i(u) = -u**3 - 18*u**2 + 308*u + 135. Calculate i(11).
14
Let k(z) = z**3 - 30*z**2 - 1999*z + 140. Give k(62).
-790
Let f(i) = -i**3 - 226*i**2 - 1109*i - 839. Calculate f(-221).
45
Let z(x) = 6075*x - 6122. Determine z(1).
-47
Let f(t) = -669*t**2 + 3324*t + 101. Give f(5).
-4
Let t(z) = z**2 - 71*z - 897. Calculate t(19).
-1885
Let d(o) = -2*o**3 - 26*o**2 + 34*o + 1183. Calculate d(-18).
3811
Let i(w) = 32*w**2 - 7165*w + 6466. What is i(223)?
-1
Let g(z) = -6151*z**2 - 55369*z - 29. Give g(-9).
61
Let u(w) = 4089*w**2 + 175830*w + 8. Determine u(-43).
-121
Let m(i) = -31801*i + 1558250. Give m(49).
1
Let o(q) = 106*q**2 - 2676*q + 10611. Give o(5).
-119
Let m(b) = 260*b + 14068. What is m(-59)?
-1272
Let v(p) = 384782*p**2 - 3847817*p - 36. What is v(10)?
-6
Let a(z) = -1084*z + 292762. Calculate a(270).
82
Let m(l) = 418*l - 15068. What is m(36)?
-20
Let w(u) = -69*u**2 - 3689*u + 2017. What is w(-54)?
19
Let y(k) = 3721*k - 100465. Determine y(27).
2
Let g(y) = 3566*y - 42936. Give g(12).
-144
Let m(f) = 53*f**3 + 475*f**2 - 16*f - 119. What is m(-9)?
-137
Let u(b) = -31307*b + 594835. What is u(19)?
2
Let m(w) = -2*w - 945. What is m(31)?
-1007
Let i(g) = -4*g**2 - 935*g + 5746. What is i(6)?
-8
Let a(q) = -q**3 + 483*q**2 + 163*q - 78726. Calculate a(483).
3
Let m(h) = 2*h**3 + 318*h**2 - 71*h - 10785. Give m(-159).
504
Let p(r) = -9322*r + 111811. Determine p(12).
-53
Let b(w) = -23*w**2 - 1153*w + 6321. Determine b(5).
-19
Let d(w) = -3776*w + 44479. Calculate d(12).
-833
Let c(g) = 3*g**2 - 1126*g - 3426. Determine c(-3).
-21
Let u(o) = 5*o**2 - 96*o + 142. Calculate u(26).
1026
Let n(p) = 1005*p - 46211. Determine n(46).
19
Let m(f) = -2956*f - 2924. Determine m(-1).
32
Let u(n) = -2*n + 178. Determine u(15).
148
Let i(x) = -35*x + 4809. Calculate i(144).
-231
Let y(p) = 3*p**3 - 8*p**2 - 40*p - 31. Determine y(-5).
-406
Let o(h) = h**3 - 105*h**2 - 347*h + 2524. Give o(108).
40
Let v(k) = -k**2 - 71*k + 1015. Calculate v(0).
1015
Let o(f) = -1263*f + 19777. Give o(16).
-431
Let g(a) = -3339*a - 904877. Give g(-271).
-8
Let r(a) = -1025*a + 59739. Determine r(58).
289
Let g(z) = 5*z**2 - 124*z - 369. Determine g(-3).
48
Let w(g) = 1031*g - 409313. What is w(397)?
-6
Let a(f) = 4*f**3 + 1592*f**2 + 7*f + 2793. Determine a(-398).
7
Let a(r) = -27479*r**2 + 384702*r + 57. Give a(14).
1
Let q(s) = -3025